e -l + 9 = 2*l. Suppose -p + 141 = l*f - 4*p, 5*f + p - 235 = 0. Calculate the remainder when f is divided by 12.
11
Let c(f) = 7*f**2 - f. Let o be c(-2). Suppose -w - o = 4*w. What is the remainder when (-2 - w)/((-4)/(-10)) is divided by 4?
2
Suppose 5*y = 4*y - 60. What is the remainder when 38 is divided by (-488)/y - (-2)/(-15)?
6
Suppose g = -1 + 5. Suppose 0 = q - g*t - 24, 0 = -0*q - q - 5*t - 21. Calculate the remainder when q is divided by 2.
0
Let p(h) = 13*h + 1. Let f be (2/3)/(4/6). Let z be 4/(-2) + (f - -2). What is the remainder when p(z) is divided by 8?
6
Suppose 2*w = 7*w - 40. Suppose c = -2*c + 33. Let f = w + c. Calculate the remainder when f is divided by 7.
5
Let a be (-3)/15 - 637/(-35). Let i = a + -8. What is the remainder when 26 is divided by i?
6
Suppose 5*a = 4*d + 24, -5*d + a - 67 = 4*a. Let y = -3 - d. What is the remainder when 21 is divided by y?
5
Suppose -2*r - 3*n = -20, 5*n - 12 = r + r. Let k(i) = 4*i - 5. Let t = 13 - -8. Calculate the remainder when t is divided by k(r).
10
Suppose -w - d = 3*w - 1121, -3 = -3*d. Suppose 4*n + 7*i - 252 = 2*i, -2*i = -4*n + w. Let r = -43 + 66. What is the remainder when n is divided by r?
22
Let g(v) = v - 3. What is the remainder when 13 is divided by g(8)?
3
Let k(n) be the third derivative of 7*n**5/30 - n**4/12 - n**3/6 - 4*n**2. Calculate the remainder when k(-1) is divided by (1*-14)/(-2) - -1.
7
Suppose 3*f = 114 + 114. What is the remainder when f is divided by 26?
24
Let n = 0 + 5. Let p = 14 - 10. Suppose -3*b = -4*d + 53, -p*d + n*b - 21 = -80. What is the remainder when d is divided by 4?
3
Suppose -5*x = -5*u - 15, -2*x - 2*u + 30 = 2*u. Calculate the remainder when x is divided by 2.
1
Let y(x) = x**2 + 6*x - 17. What is the remainder when 158 is divided by y(4)?
20
Suppose 5 = -z, 3*z + 2 = -l + 6. What is the remainder when 90 is divided by l?
14
Let n(a) = 2*a**2 + 2*a - 3. Let h be n(2). Let b = h + 16. Calculate the remainder when b is divided by 7.
4
Let r be (-1)/((-1)/(-12)*-2). Suppose r - 20 = -z + 5*v, -v - 2 = 0. What is the remainder when 6 is divided by z?
2
Let s = -21 - -66. What is the remainder when s is divided by 12?
9
Let h = 5 - 2. Suppose -5*c + 4*w - 6 = 0, 4*c - 1 = w + h. Suppose -4*b + 43 = 3*k, -2*b - c = -10. What is the remainder when 15 is divided by k?
6
Suppose 3*q = -2*u + 20, q - 55 = -2*q + 5*u. What is the remainder when 37 is divided by q?
7
Let s = 9 - -3. Let h = -46 - -80. Calculate the remainder when h is divided by s.
10
Let t(l) = -25*l. Let f be 2 + 0/3 - 0. Suppose 34 = f*b + 8. Calculate the remainder when t(-2) is divided by b.
11
Let j(t) = -29*t - 32. Calculate the remainder when j(-5) is divided by 29.
26
Let y(c) = -c**3 - 5*c**2 + 8*c + 2. Calculate the remainder when y(-7) is divided by 15.
14
Let w = -78 + 174. Suppose -t + w = 2*t. Suppose -4*d + t = -4*n, 0*n - n + 40 = 5*d. Calculate the remainder when d is divided by 3.
2
Let h(y) = 12*y**2 + 2*y + 1. Let b(p) = -2*p - 4. Let j = 3 - 8. What is the remainder when h(-1) is divided by b(j)?
5
Let c(z) be the first derivative of z**4/4 + z**3/3 + z**2/2 - 4*z - 1. Let r be c(4). Suppose 0*j + 5*j - r = 0. What is the remainder when 47 is divided by j?
15
Let t = 3 - -26. What is the remainder when t is divided by 16?
13
Suppose -26 = -3*h + 4*y, 4*y = -h + 7 + 23. Let f be -4*6/(-8)*-2. Let l = f - -14. Calculate the remainder when h is divided by l.
6
Let u = 15 - 7. What is the remainder when 30 is divided by u?
6
Let d(o) = 0 - o**2 + 0 - o**3 + 1. Let i(r) = 6*r**3 + r**2 - 2. Let q(p) = -5*d(p) - i(p). What is the remainder when q(3) is divided by 4?
2
What is the remainder when 95 is divided by -2 + 4 + 2*11?
23
Let k(v) = -v**2 + 5*v - 4. Let a(t) = 3*t**2 - 5*t - 2*t**2 - 1 + 0*t**2. Calculate the remainder when a(6) is divided by k(3).
1
Let f = 8 - 6. Let c(l) = -l**3 + l**2 - l - 1. What is the remainder when (f/6 + -2)*-15 is divided by c(-2)?
12
Let r = 188 - 175. What is the remainder when -2 - -53 - (1 - 1) is divided by r?
12
Suppose 20*y - 21*y + 6 = 0. What is the remainder when 15 is divided by y?
3
Let b = -8 + 11. Suppose -5*l = -0*l - b*n - 4, -2*l + 14 = 5*n. Suppose -2*y = l*j - 20, -j = 4*y + 3 - 4. What is the remainder when 38 is divided by j?
12
Let a be (-4)/(-1) + 0 + -1. Suppose -3*d + 3*u + 81 = 0, -d - a*u - 108 = -5*d. Calculate the remainder when 51 is divided by d.
24
Calculate the remainder when 8/(52/16 - 3) is divided by 11.
10
Let p(k) = 22*k**3 + k**2 - k + 1. Calculate the remainder when 135 is divided by p(1).
20
Let g(s) = 2*s**2 + 15*s - 10. Let o be g(-8). Calculate the remainder when 2 + -3 - (o + -3) is divided by 2.
0
Calculate the remainder when ((-52)/16)/(3/(-12)) is divided by 5.
3
Let w = -26 + 82. Suppose 0 = -o - 2 + w. What is the remainder when o is divided by 14?
12
Let r(q) = 4*q + q**3 + 4*q - 4*q**2 - 5*q + 4. Let c be r(3). Suppose 2*o - c*o = -16. What is the remainder when 22 is divided by o?
6
Let u = -52 - -81. Let q = u + -2. Suppose 4*y = 5*z + q, 0*y - 2*y - 4*z = -46. Calculate the remainder when y is divided by 5.
3
Suppose -4*b - 24 = -0*b. Let k = b - -23. Suppose 0*l - c - 98 = -2*l, -2*c = 2*l - 104. What is the remainder when l is divided by k?
16
Let h(v) = 10*v + 32. Let q be 4/14 - 66/(-14). Suppose -c + 35 = -0*x + 2*x, -2*x = q*c - 39. Calculate the remainder when h(0) is divided by x.
15
Suppose -3*s + 3*b = -120, 5*s + 4*b - 91 = 82. What is the remainder when s is divided by 13?
11
Suppose -3*m + 35 - 8 = 0. Let r = 24 - 27. Let i = m + r. Calculate the remainder when 23 is divided by i.
5
Calculate the remainder when 32 is divided by ((-24)/28)/(((-6)/(-3))/(-14)).
2
Let f = -58 + 33. Let b = -13 - f. Calculate the remainder when b is divided by 7.
5
Let o(u) = -u**2 + 11*u + 3. Let p be o(5). Suppose p = d - 56. What is the remainder when d is divided by 23?
20
Suppose -3*q + 9 = -36. What is the remainder when 28 is divided by q?
13
Let n(w) = -4*w + 3*w + 4*w + 20 - 2*w. What is the remainder when n(0) is divided by 7?
6
Let o(i) = 3*i - 1. Let z be o(5). Let m = 8 + z. Let c = 9 - 1. What is the remainder when m is divided by c?
6
Suppose -s + 0*s = -16. Let m be (-33)/6*8/(-2). Let x = m - 13. Calculate the remainder when s is divided by x.
7
Suppose -3*r + 5*r + 6 = 0. What is the remainder when r*(-28)/12*1 is divided by 2?
1
Let p = -8 - -11. Suppose -3*u - 4*m + 58 = -u, -m + 82 = p*u. Calculate the remainder when u is divided by 7.
6
Let u(l) = 9*l**2 + 5*l. Let c be u(5). Suppose 0 = 2*k - 7*k + c. What is the remainder when k is divided by 17?
16
What is the remainder when (-5 - -19)*1*5/2 is divided by 9?
8
Let z(j) = -7*j - 7*j - 1 - 3 + 3*j. Calculate the remainder when 35 is divided by z(-2).
17
What is the remainder when 117*2*(-10)/(-20) is divided by 30?
27
Let h(b) = -6*b + 3. Let y be h(2). Let i(s) = -s**3 + 9*s**2 + s - 3. What is the remainder when (-2)/(-3) - 138/y is divided by i(9)?
4
Let p = -13 - -48. Suppose -5*h + 18 = -47. Calculate the remainder when p is divided by h.
9
Let h be (-4)/10 + (-6)/(-15). Suppose g + h*m - 50 = -5*m, 4*g - 131 = 3*m. Calculate the remainder when g is divided by 12.
11
Suppose -2*q = -14 - 12. Suppose 2*k - j - 102 = 0, 3*k - 4*j = -0*k + 163. Calculate the remainder when k is divided by q.
10
Suppose 0 = -n - 2*u + 6, 1 = 2*u + 3. Let c be (-2 - -10)/2 - 1. Let v = c - -19. What is the remainder when v is divided by n?
6
Let l = 2 - -9. Let y(j) = 7*j**2 - j. What is the remainder when l is divided by y(1)?
5
Let d be (0/(-1))/(-2) + 2. Suppose d*p + 15 = 5*p. Let m = -4 + p. Calculate the remainder when m is divided by 1.
0
Calculate the remainder when -1*(1 + -22 - -2) is divided by 11.
8
Let w(a) = 4*a**2 + 1. Let d be w(-1). Suppose t - 1 = d. What is the remainder when 17 is divided by t?
5
Let v(s) be the first derivative of s**3/3 - 7*s**2/2 + 4*s + 1. Suppose 5*p - c - 30 = 1, -5*p + 3*c = -33. What is the remainder when p is divided by v(7)?
2
Let v = -4 - -19. Let p = -9 + v. Let r(l) = l + 3. Calculate the remainder when r(7) is divided by p.
4
Let m(y) = -y**2 - 21*y + 10. What is the remainder when m(-16) is divided by 19?
14
Let y be (-8)/(-3)*3/4. Let o(q) = q**2 + 1. What is the 